+ 82 = 5*o. Is o a composite number?
False
Let a(u) = -5*u + 26 + u + 44*u**2 - 15*u**2. Is a(11) composite?
False
Let g(w) = -w**2 - 2*w + 4. Let y be g(-2). Suppose 2*t - 492 = 2*c, -y*t + 0*c = 3*c - 1019. Is t composite?
False
Let k = 10 - 4. Let a be 5 - 2/k*0. Suppose -a*m + 217 = -1098. Is m prime?
True
Let v = 1019 + -514. Is v a prime number?
False
Let p(x) = -63*x + 12. Let r be p(-7). Let w = r + -312. Is w a composite number?
True
Let s(x) = -164*x**3 + 6*x**2 + 6*x - 5. Is s(-2) a prime number?
True
Let a(t) = t**3 + 17*t**2 + 8*t - 7. Let o be a(-16). Suppose -o = -h + 337. Let k = h + -165. Is k a prime number?
True
Suppose 147377 = 226*i - 225*i. Is i composite?
False
Suppose 10*y + 0*y = 4370. Let o = -246 + y. Is o composite?
False
Let r(t) = -t**2 - 7*t - 6. Let c be r(-4). Let b be -2*(-3)/12*c. Is (-20)/3*-3 + b composite?
False
Let h be 6 - (3/(-1) + 7). Suppose -l = -3*g + 3, -2*l - 18 = -0*l - h*g. Is (-4309)/(-9) - l/54 prime?
True
Suppose 2*s - 304 = 182. Suppose -4*r = -2761 - s. Is r prime?
True
Suppose -4*v + 5*v + 5 = 0, -2*i + 5*v = -29. Suppose 270 = i*d - 134. Is d prime?
False
Suppose 97*w - 944692 = 69*w. Is w prime?
True
Let o = 18961 + -12273. Suppose -2*g = u - 1343, g + 0*g = -5*u + o. Is u a composite number?
True
Let j be (-12)/22*(-20 - 2). Let b(p) = 2*p**2 - 4*p - 14 + 23*p - 3. Is b(j) a composite number?
False
Let s(v) = v**2 - 2*v + 5. Let a be s(4). Suppose 2696 = a*d - 5*d. Is d composite?
False
Suppose 0 = 4*o - 22 - 6. Let u be (-5)/o + 6/(-21). Is (-115)/(-3) + u/3 prime?
False
Let c = 0 + 2. Suppose -w + 0*w - 4*g + 324 = 0, -318 = -w + c*g. Suppose -j - 3*f = -8*f - w, -875 = -3*j - 2*f. Is j a prime number?
False
Let h = -27369 - -49540. Is h prime?
True
Suppose 4*c + 4 + 12 = 0, -22020 = -4*v - 2*c. Is v prime?
True
Let v = -455 + -149. Let d = -311 - v. Is d a prime number?
True
Suppose -r = -9*k + 6*k + 21861, -7274 = -k - 4*r. Is k prime?
False
Let w(h) be the second derivative of h**5/20 - h**4/6 - 2*h**3/3 - 4*h**2 + h - 1. Let c be (-7)/(-1) + (0 - 0). Is w(c) composite?
True
Let m = -268 - -462. Suppose -p + m = -291. Is p a prime number?
False
Is (-1777 - 0)*(-6)/((-6)/(-1)) a composite number?
False
Suppose d - 4*q - 23353 = -q, d - 23377 = -5*q. Suppose 0 = 7*s - 5345 - d. Is s a composite number?
True
Let d = -108 + 445. Is d a composite number?
False
Suppose -a + 784 = 4*b - 234, 3*a = -2*b + 504. Suppose -3*q - y + b = 0, 3*q + 4*y = -y + 243. Is (-1 - -12)*(q - 3) composite?
True
Suppose 3*s - 172441 = 5*w, 4*s - 108*w = -107*w + 229944. Is s prime?
True
Suppose -2*n - r + 6 - 1 = 0, -3*r + 11 = 4*n. Suppose -122 = -n*j + 100. Is j a prime number?
False
Let k be ((-7)/7)/((-1)/2). Suppose k*f + 41 = 1507. Is f prime?
True
Let d be (-5 - -1) + (-24)/(-4). Suppose -5*r + 5*z + 4 + 6 = 0, 3*r = 4*z + 3. Suppose d*x + 381 = r*x. Is x composite?
False
Let f be ((-121)/2)/((-2)/96) - 2. Suppose -f + 263 = -7*c. Is c prime?
False
Let b = -18 - -25. Suppose 674 = -5*k + b*k. Is k a prime number?
True
Is (-6)/(-42) - 2316/(-7) composite?
False
Suppose -4*v + 16 = n, 4*v = n + 3*n - 64. Let t = 15 + n. Is t composite?
False
Suppose 4*p - 798 = 2882. Let m = 2539 - p. Is m a composite number?
False
Let y = -24 + 6. Is 4/y + -4 + 11485/45 a composite number?
False
Let w be (4/(-10))/(5/25*1). Suppose s + 0 = -2. Is w*(-326)/(-8)*s prime?
True
Let o be (120/48)/(1/2). Let u(v) = 3*v**3 + 4 - 2*v + 2*v**3 - 6*v**2 - 3*v**3. Is u(o) a composite number?
True
Let p(w) = 4*w**3 + 14*w**2 + 2*w - 19. Let c(y) = 3*y**3 + 13*y**2 + y - 20. Let o(f) = -5*c(f) + 4*p(f). Is o(11) composite?
True
Let q be 1*(-2)/4*0. Let t(n) = n**3 + n**2 + 22. Is t(q) prime?
False
Is 2*3346 - -12*(-8)/32 composite?
False
Let w = -9 + 13. Suppose -3*o + 83 + 85 = w*c, 49 = c - o. Suppose -d = -4*d + c. Is d a composite number?
True
Suppose 3*b - 18 = -3*b. Suppose b*d + 605 - 6308 = 0. Is d prime?
True
Suppose 2 = -t - 3. Let c(x) = -3*x**3 + x**2 - 2*x + 9. Is c(t) a prime number?
True
Let j(x) = -2*x**3 - 5*x**2 + 6*x + 10. Let p(n) = -n**2 + 12*n - 4. Let l be p(12). Is j(l) composite?
True
Let d be (18/4)/((-7)/98). Let l be (-4)/(-6)*d/(-14). Suppose -j = 2*a - 87, -l*a + 10 = -2. Is j composite?
False
Suppose -56*a + 70*a - 11788 = 0. Is a a prime number?
False
Suppose 0 = 4*o - 2*i - 919 - 1167, 4*i = -4*o + 2068. Let j = o + -281. Is j a composite number?
False
Suppose -2 = -f + 7. Suppose -334 = -f*p + 18071. Is p a prime number?
False
Suppose 0 = 2*g + 2 - 10. Suppose -g*i - 2 + 78 = 0. Is i a prime number?
True
Let x = -3782 - -8225. Is x a composite number?
True
Suppose 0*n + n - 7 = -3*q, n = 3*q - 5. Suppose 0*r + 2*t = -5*r + 8, 2*t + 6 = 2*r. Suppose -g = r*g - a - 469, 3*a + 308 = q*g. Is g composite?
False
Let f = 21 + 9. Suppose -2*n = -n - f. Is 6/n - 508/(-10) prime?
False
Let b be (-2)/4 + (-100)/(-8). Suppose 16*g - 1364 = b*g. Is g prime?
False
Suppose 2573 = 7*d + 494. Is (d/(-6) - -1)*(3 - 13) a prime number?
False
Let m = -5075 + 12406. Is m composite?
False
Suppose 2*f - 40516 = 3*t, -f + 12581 = 5*t - 7690. Is f a composite number?
False
Let v be (2*(-3 - -2) + -785)*-4. Suppose l = -4*d + v, l - 6*l = -3*d + 2361. Is d a composite number?
False
Suppose 2*a + 17*a = 213731. Is a composite?
True
Suppose -1458 = -d + 3*n + 1403, 0 = d + 5*n - 2861. Is d a composite number?
False
Is (10/2 - 6)*-445 a prime number?
False
Let k = 30 - 28. Suppose -1262 = -k*s - 0*s. Is s composite?
False
Suppose -4*m + 25 = m - 5*b, b = 2*m - 7. Is ((-1)/m)/(3 + (-8812)/2936) prime?
True
Let a be 22/8 - 1/(-4). Suppose -a*l + 144 = -l. Suppose -5*u = -4*s + 2*s + l, 0 = -s - 2*u + 27. Is s composite?
False
Suppose -9*q - 131 = -4469. Let u = 2391 - q. Is u a composite number?
True
Let k(p) = 34*p**2 + 8*p - 215. Is k(-29) prime?
False
Let r be ((-1474)/(-3))/(2/3). Suppose -305 + r = 3*p. Suppose 4*x - p = -d, 0 = -2*x + 2*d + 2*d + 90. Is x prime?
True
Let t(c) = 16*c**3 - 6*c**2 + 5*c. Let b be t(4). Suppose 0 = -2*m - 56 + b. Is (m/(-2))/(5 - 6) a composite number?
False
Is (0 - -1)/(-18 - (-43439420)/2413300) composite?
True
Let u be (18/3)/(12/(-30)). Let i be (-594)/u - (-6)/(-10). Let a = i - -182. Is a a prime number?
False
Suppose -2*x + 5*m + 4041 = 6*m, 6034 = 3*x - 4*m. Is x composite?
True
Let k = 90 + -85. Suppose -3*r = -5*m - 2980 - 448, -k*r = -m - 5750. Is r a prime number?
True
Let r(j) = 101*j**2 + 10*j - 142. Is r(-15) composite?
False
Let o = -3 - -9. Suppose w = o*w - 4995. Suppose -3*h = 9, -d + 4*h + w = 2*d. Is d composite?
True
Suppose -6*t - 3 = -3*t + 3*w, 2*t + 4*w = -6. Let p = 2 - t. Suppose -m = -p - 330. Is m a prime number?
True
Let w = 41 - 41. Suppose w = 2*f + 4*m - 2970, 3*m = 3 + 3. Is f a prime number?
True
Suppose -7 = 5*r - 2. Let l be 21*(r - (-1 + 3)). Is (-2)/7 - 7011/l a composite number?
True
Suppose 1908 = 2*p + 5*x, 3*x + 4739 = 3*p + 2*p. Is p composite?
True
Let d(h) = -103*h - 37. Is d(-8) a prime number?
True
Let g(k) = k + 3. Suppose 0 = -4*q - 5 - 7. Let i be q/2*(0 + -2). Is g(i) composite?
True
Let g(s) = 24*s - 1. Let n = 39 + -27. Let l be 6/9 + n/9. Is g(l) a prime number?
True
Let f = -1087 + 576. Let x = f - -1037. Is x a composite number?
True
Let q(m) = 11*m**3 + m**2 - 2. Let g be q(2). Suppose -s - g = -6*s. Suppose -2*p = 3*c - 1 - s, c = -5*p + 15. Is p composite?
False
Let p = -53 - -17899. Is p composite?
True
Let y be 4*(3 - 5 - 2). Is -4 + 771/(-4)*(12 + y) composite?
True
Suppose -2*v - 2*v = -5*r - 3595, -2*r = 2*v - 1784. Suppose 4*m - 7 = 1. Suppose m*d = -3*d + v. Is d a composite number?
False
Let d(f) = 6*f**2 - 7*f + 42. Suppose -31*i + 26*i + 35 = 0. Is d(i) a composite number?
True
Suppose 4*z = z. Suppose 3*x + 5*b = -x + 2795, -4*x + 2*b + 2774 = z. Suppose -3*g = 2*h - 4*h - x, g + 5*h = 243. Is g prime?
True
Let l = -19 + 19. Let m be (1 - l)/(1/2). Suppose 73 + 101 = m*p. Is p a composite number?
True
Suppose -10 = -5*d, -5 = -3*p + 4*d + d. Suppose -10 = 5*y, 2*g + 4*y + 1355 = p*g. Let m = -238 + g. Is m prime?
True
Let g(c) = 48*c**2 - 49*c + 47. Is g(18) a prime number?
True
Let o = -5 - -44. Let d = 61 - o. Is d prime?
False
Let o be -3*(1803/(-9) - 3). Let l = o - 303. Is l prime?
True
Let c(z) = -194*z - 5. Le